{"id":1901,"date":"2021-01-31T14:25:09","date_gmt":"2021-01-31T14:25:09","guid":{"rendered":"http:\/\/artstatements.com\/?page_id=1901"},"modified":"2021-03-23T08:16:09","modified_gmt":"2021-03-23T08:16:09","slug":"artists-jonone-exhibition","status":"publish","type":"page","link":"https:\/\/artstatements.com\/index.php\/artists-jonone-exhibition\/","title":{"rendered":"Artists Jonone exhibition"},"content":{"rendered":"\t\t<div data-elementor-type=\"wp-page\" data-elementor-id=\"1901\" class=\"elementor elementor-1901\">\n\t\t\t\t\t\t<section class=\"elementor-section elementor-top-section elementor-element elementor-element-6f448e5 elementor-section-boxed elementor-section-height-default elementor-section-height-default\" data-id=\"6f448e5\" data-element_type=\"section\" data-e-type=\"section\">\n\t\t\t\t\t\t<div class=\"elementor-container elementor-column-gap-default\">\n\t\t\t\t\t<div class=\"elementor-column elementor-col-100 elementor-top-column elementor-element elementor-element-bd6eaf3\" data-id=\"bd6eaf3\" data-element_type=\"column\" data-e-type=\"column\">\n\t\t\t<div class=\"elementor-widget-wrap elementor-element-populated\">\n\t\t\t\t\t\t<section class=\"elementor-section elementor-inner-section elementor-element elementor-element-7a200f5 elementor-section-boxed elementor-section-height-default elementor-section-height-default\" data-id=\"7a200f5\" data-element_type=\"section\" data-e-type=\"section\">\n\t\t\t\t\t\t<div class=\"elementor-container elementor-column-gap-default\">\n\t\t\t\t\t<div class=\"elementor-column elementor-col-33 elementor-inner-column elementor-element elementor-element-6f3b2f5\" data-id=\"6f3b2f5\" data-element_type=\"column\" data-e-type=\"column\">\n\t\t\t<div class=\"elementor-widget-wrap elementor-element-populated\">\n\t\t\t\t\t\t<div class=\"elementor-element elementor-element-bad4415 elementor-widget elementor-widget-image\" data-id=\"bad4415\" data-element_type=\"widget\" data-e-type=\"widget\" data-widget_type=\"image.default\">\n\t\t\t\t<div class=\"elementor-widget-container\">\n\t\t\t\t\t\t\t\t\t\t\t\t\t\t\t<img decoding=\"async\" width=\"200\" height=\"145\" src=\"https:\/\/artstatements.com\/wp-content\/uploads\/2021\/01\/AS_newlogo_200px.png\" class=\"attachment-full size-full wp-image-1352\" alt=\"Art Statements logo\" \/>\t\t\t\t\t\t\t\t\t\t\t\t\t\t\t<\/div>\n\t\t\t\t<\/div>\n\t\t\t\t\t<\/div>\n\t\t<\/div>\n\t\t\t\t<div class=\"elementor-column elementor-col-33 elementor-inner-column elementor-element elementor-element-c425fe2\" data-id=\"c425fe2\" data-element_type=\"column\" data-e-type=\"column\">\n\t\t\t<div class=\"elementor-widget-wrap\">\n\t\t\t\t\t\t\t<\/div>\n\t\t<\/div>\n\t\t\t\t<div class=\"elementor-column elementor-col-33 elementor-inner-column elementor-element elementor-element-a017e3b\" data-id=\"a017e3b\" data-element_type=\"column\" data-e-type=\"column\">\n\t\t\t<div class=\"elementor-widget-wrap elementor-element-populated\">\n\t\t\t\t\t\t<div class=\"elementor-element elementor-element-dfc4617 elementor-widget elementor-widget-ekit-nav-menu\" data-id=\"dfc4617\" data-element_type=\"widget\" data-e-type=\"widget\" data-widget_type=\"ekit-nav-menu.default\">\n\t\t\t\t<div class=\"elementor-widget-container\">\n\t\t\t\t\t\t\t<nav class=\"ekit-wid-con ekit_menu_responsive_tablet\"\n\t\t\tdata-hamburger-icon=\"\"\n\t\t\tdata-hamburger-icon-type=\"icon\"\n\t\t\tdata-responsive-breakpoint=\"1024\">\n\t\t\t            <button class=\"elementskit-menu-hamburger elementskit-menu-toggler\"  type=\"button\" aria-label=\"hamburger-icon\">\n                                    <span class=\"elementskit-menu-hamburger-icon\"><\/span><span class=\"elementskit-menu-hamburger-icon\"><\/span><span class=\"elementskit-menu-hamburger-icon\"><\/span>\n                            <\/button>\n            <div id=\"ekit-megamenu-main-menu\" class=\"elementskit-menu-container elementskit-menu-offcanvas-elements elementskit-navbar-nav-default ekit-nav-menu-one-page-no ekit-nav-dropdown-hover\"><ul id=\"menu-main-menu\" class=\"elementskit-navbar-nav elementskit-menu-po-left submenu-click-on-icon\"><li id=\"menu-item-75\" class=\"menu-item menu-item-type-post_type menu-item-object-page menu-item-75 nav-item elementskit-mobile-builder-content\" data-vertical-menu=750px><a href=\"https:\/\/artstatements.com\/index.php\/artists\/\" class=\"ekit-menu-nav-link\">ARTISTS<\/a><\/li>\n<li id=\"menu-item-74\" class=\"menu-item menu-item-type-post_type menu-item-object-page menu-item-74 nav-item elementskit-mobile-builder-content\" data-vertical-menu=750px><a href=\"https:\/\/artstatements.com\/index.php\/exhibitions\/\" class=\"ekit-menu-nav-link\">EXHIBITIONS<\/a><\/li>\n<li id=\"menu-item-73\" class=\"menu-item menu-item-type-post_type menu-item-object-page menu-item-73 nav-item elementskit-mobile-builder-content\" data-vertical-menu=750px><a href=\"https:\/\/artstatements.com\/index.php\/art-advisory\/\" class=\"ekit-menu-nav-link\">ART ADVISORY<\/a><\/li>\n<li id=\"menu-item-72\" class=\"menu-item menu-item-type-post_type menu-item-object-page menu-item-72 nav-item elementskit-mobile-builder-content\" data-vertical-menu=750px><a href=\"https:\/\/artstatements.com\/index.php\/contacts\/\" class=\"ekit-menu-nav-link\">CONTACT<\/a><\/li>\n<\/ul><div class=\"elementskit-nav-identity-panel\"><button class=\"elementskit-menu-close elementskit-menu-toggler\" type=\"button\">X<\/button><\/div><\/div>\n\t\t\t<div class=\"elementskit-menu-overlay elementskit-menu-offcanvas-elements elementskit-menu-toggler ekit-nav-menu--overlay\"><\/div>        <\/nav>\n\t\t\t\t\t\t<\/div>\n\t\t\t\t<\/div>\n\t\t\t\t\t<\/div>\n\t\t<\/div>\n\t\t\t\t\t<\/div>\n\t\t<\/section>\n\t\t\t\t\t<\/div>\n\t\t<\/div>\n\t\t\t\t\t<\/div>\n\t\t<\/section>\n\t\t\t\t<section class=\"elementor-section elementor-top-section elementor-element elementor-element-cb3e10f elementor-section-boxed elementor-section-height-default elementor-section-height-default\" data-id=\"cb3e10f\" data-element_type=\"section\" data-e-type=\"section\">\n\t\t\t\t\t\t<div class=\"elementor-container elementor-column-gap-default\">\n\t\t\t\t\t<div class=\"elementor-column elementor-col-100 elementor-top-column elementor-element elementor-element-53d2675\" data-id=\"53d2675\" data-element_type=\"column\" data-e-type=\"column\">\n\t\t\t<div class=\"elementor-widget-wrap elementor-element-populated\">\n\t\t\t\t\t\t<section class=\"elementor-section elementor-inner-section elementor-element elementor-element-fe1e127 elementor-section-boxed elementor-section-height-default elementor-section-height-default\" data-id=\"fe1e127\" data-element_type=\"section\" data-e-type=\"section\">\n\t\t\t\t\t\t<div class=\"elementor-container elementor-column-gap-default\">\n\t\t\t\t\t<div class=\"elementor-column elementor-col-25 elementor-inner-column elementor-element elementor-element-99de9b0\" data-id=\"99de9b0\" data-element_type=\"column\" data-e-type=\"column\">\n\t\t\t<div class=\"elementor-widget-wrap elementor-element-populated\">\n\t\t\t\t\t\t<div class=\"elementor-element elementor-element-ed617b4 elementor-widget elementor-widget-wp-widget-custom_html\" data-id=\"ed617b4\" data-element_type=\"widget\" data-e-type=\"widget\" data-widget_type=\"wp-widget-custom_html.default\">\n\t\t\t\t<div class=\"elementor-widget-container\">\n\t\t\t\t\t<div class=\"textwidget custom-html-widget\"><font color=\"black\" face=\"rye, sans-serif\" size=\"2\"> \r\n<a href=\"artists-jonone-bio\"> JONONE<P><BR>\r\n\r\n<a href=\"artists-jonone\"> SELECTED ARTWORKS<BR><BR><\/a>\r\n<a href=\"artists-jonone-bio\"> BIOGRAPHY <BR><BR><\/a>\r\n <a href=\"artists-jonone-exhib\"> SELECTED SOLO AND GROUP EXHIBITIONS <BR><BR><\/a>\r\n  <a href=\"artists-jonone-collect\"> PUBLIC AND PRIVATE COLLECTIONS <BR><\/a>\r\n \r\n  <\/font><\/div>\t\t\t\t<\/div>\n\t\t\t\t<\/div>\n\t\t\t\t\t<\/div>\n\t\t<\/div>\n\t\t\t\t<div class=\"elementor-column elementor-col-25 elementor-inner-column elementor-element elementor-element-3844eb8\" data-id=\"3844eb8\" data-element_type=\"column\" data-e-type=\"column\">\n\t\t\t<div class=\"elementor-widget-wrap\">\n\t\t\t\t\t\t\t<\/div>\n\t\t<\/div>\n\t\t\t\t<div class=\"elementor-column elementor-col-25 elementor-inner-column elementor-element elementor-element-a7b0098\" data-id=\"a7b0098\" data-element_type=\"column\" data-e-type=\"column\">\n\t\t\t<div class=\"elementor-widget-wrap elementor-element-populated\">\n\t\t\t\t\t\t<div class=\"elementor-element elementor-element-5ce365f elementor-widget elementor-widget-text-editor\" data-id=\"5ce365f\" data-element_type=\"widget\" data-e-type=\"widget\" data-widget_type=\"text-editor.default\">\n\t\t\t\t<div class=\"elementor-widget-container\">\n\t\t\t\t\t\t\t\t\t<h6>SELECTED SOLO AND GROUP EXHIBITIONS<\/h6><h6><strong><br \/><\/strong>2013<\/h6><p>Galerie Martine Ehmer, Lille, France, Galerie Rabouan-Moussion, Paris, France, Galerie Helenbeck, Nice, France, Galerie Le Feuvre, Paris, France, Galerie Martine Ehmer, Bruxelles, Belgium, Galerie H\u00e9l\u00e8ne Bailly, Paris, France, Galerie David Pluskwa, Marseille, France, Galerie du jour agn\u00e8s b., Paris, France, Galerie Boccara, Moscou, Russie, Galerie Laurent Rigail &amp; Eric Brugier, Paris, France, New Square Gallery, Lille, France<\/p><h6><br \/>2012<\/h6><p>Galerie Rive Gauche Marcel Strouk, Paris, France, Barbara De Palma Gallery \/ Galerie David Pluskwa, Saint-Tropez, France, Galerie David Pluskwa, Marseille, France, Fabien Castanier Gallery, Los Angeles, USA, New Square Gallery, Lille, France, Galerie Le Feuvre, Paris, France<\/p><h6><br \/>2011<\/h6><p>Galerie Le Feuvre, Paris, France, Centre Culturel Jean Cocteau, Les Lilas, France, Gallery Magda Danysz, Shanghai, China, Galerie Helenbeck, Nice, France, Galerie Martine Ehmer, Bruxelles, Belgium, BKRW, Paris, France, New Square Gallery, Lille, France, Galerie Rabouan-Moussion, Paris, France, Venise Cadre Gallery, Casablanca, Maroc, Bund 18 Gallery, Shanghai, China<\/p><h6><br \/>2010<\/h6><p>Gallery Speerstra, Bursins, Switzerland, Gallery Magda Danysz, Paris, France, Galerie Helenbeck, Nice, France, Galerie Martine Ehmer, Bruxelles, Belgium, Fondation Salomon, Annecy, France<\/p><h6><br \/>2009<\/h6><p>Maison Folie de Moulins, Lille, France, Galerie Helenbeck, Nice, France, Le Tag Collection Gallizia, Grand Palais, Paris, France, Galerie Alexis Lartigue, Paris, France, Born in The Street \/ N\u00e9 dans la rue, Fondation Cartier, Paris, France, Graffiti Gallery, Copenhaguen, Danemark, Gallery Magda Danysz, Paris, France, Gallery Speerstra, Gen\u00e8ve, Switzerland, The Don Gallery, Milan, Italy, Galerie Laurent Rigail &amp; Eric Brugier, Paris, France<\/p><h6><br \/>2008<\/h6><p>Carol Jazzar, Miami, USA, Gallery Speerstra, Bursins, Switzerland, Galerie Le Feuvre, Paris, France, Art Partner Gallery, Strasbourg, France, Gallery Magda Danysz, Paris, France, Galerie Laurent Rigail &amp; Eric Brugier, Paris, France<\/p><h6><br \/>2007<\/h6><p>Mus\u00e9e Paul Val\u00e9ry, S\u00e8te, France, Gallery Magda Danysz, Paris, France, Galerie Helenbeck, Paris, France, Art Statements, Hong Kong<\/p><h6><br \/>2006<\/h6><p>Galerie Speerstra, Paris, France, Art Statements, Hong Kong, Galerie du jour agn\u00e8s b., Paris, France<\/p><h6><br \/>2005<\/h6><p>\u201cUrban Calligraphy\u201d, Speerstra Gallery, Paris, France \u201cBlack &amp; White\u201d, Art Statements Gallery, Hong Kong \u201cWhere Art Has No Boundaries, Festival Walk, Hong Kong \u201cBackjumps The Live Issue\u201d, Kunstraum Kreuzberg\/B., Berlin, Germany Helen Back Gallery, Nice, France \u201cMonaco Parade\u201d. City of Monte Carlo, Monaco<\/p><h6><br \/>2004<\/h6><p>\u201cPsyckoze Project\u201d, Showroom NYC, New York, USA \u201cNight &amp; Day\u201d, Speerstra Gallery, Paris, France \u201cC3\u201d, Anthem Gallery, Nem York, USA \u201cIce Blue\u201d, Art Statements Gallery, Hong Kong<\/p><h6><br \/>2003<\/h6><p>FIAC with Agnes B Gallery, Paris, France \u201cTalking to walls\u201d, Speerstra Gallery, Paris, France \u201cColaborative Works Jonone-Agnes B\u201d, L.A., San Francisco,Chicago, USA Installation \u201cBlack Block\u201d, Palais de Tokyo, Paris, France<\/p><h6><br \/>2002<\/h6><p>\u201cBlack Diamonds\u201d, Speerstra Gallery, Paris, France Agnes B Gallery, Armory Show, New York Installation Works, Agnes B Gallery, Hong Kong<\/p><h6><br \/>2001<\/h6><p>\u201cSeven Deadly Sins\u201d, Triiad, Paris, France \u201cColor Wars\u201d, Gallery Michel Gillet, Paris, France Pop-Up, Paris, France<\/p>\t\t\t\t\t\t\t\t<\/div>\n\t\t\t\t<\/div>\n\t\t\t\t\t<\/div>\n\t\t<\/div>\n\t\t\t\t<div class=\"elementor-column elementor-col-25 elementor-inner-column elementor-element elementor-element-d6ef185\" data-id=\"d6ef185\" data-element_type=\"column\" data-e-type=\"column\">\n\t\t\t<div class=\"elementor-widget-wrap\">\n\t\t\t\t\t\t\t<\/div>\n\t\t<\/div>\n\t\t\t\t\t<\/div>\n\t\t<\/section>\n\t\t\t\t\t<\/div>\n\t\t<\/div>\n\t\t\t\t\t<\/div>\n\t\t<\/section>\n\t\t\t\t<section class=\"elementor-section elementor-top-section elementor-element elementor-element-d5d2a51 elementor-section-boxed elementor-section-height-default elementor-section-height-default\" data-id=\"d5d2a51\" data-element_type=\"section\" data-e-type=\"section\">\n\t\t\t\t\t\t<div class=\"elementor-container elementor-column-gap-default\">\n\t\t\t\t\t<div class=\"elementor-column elementor-col-100 elementor-top-column elementor-element elementor-element-9d4412a\" data-id=\"9d4412a\" data-element_type=\"column\" data-e-type=\"column\">\n\t\t\t<div class=\"elementor-widget-wrap elementor-element-populated\">\n\t\t\t\t\t\t<section class=\"elementor-section elementor-inner-section elementor-element elementor-element-4ffb360 elementor-section-boxed elementor-section-height-default elementor-section-height-default\" data-id=\"4ffb360\" data-element_type=\"section\" data-e-type=\"section\">\n\t\t\t\t\t\t<div class=\"elementor-container elementor-column-gap-default\">\n\t\t\t\t\t<div class=\"elementor-column elementor-col-25 elementor-inner-column elementor-element elementor-element-36270bc\" data-id=\"36270bc\" data-element_type=\"column\" data-e-type=\"column\">\n\t\t\t<div class=\"elementor-widget-wrap elementor-element-populated\">\n\t\t\t\t\t\t<div class=\"elementor-element elementor-element-27f70ab elementor-widget elementor-widget-text-editor\" data-id=\"27f70ab\" data-element_type=\"widget\" data-e-type=\"widget\" data-widget_type=\"text-editor.default\">\n\t\t\t\t<div class=\"elementor-widget-container\">\n\t\t\t\t\t\t\t\t\t<p>Copyright@\u00a0Art Statements Ltd. All rights reserved.<br \/>Images of art on this website may not be reproduced without prior permission of Art Statements Ltd. and the artists<\/p>\t\t\t\t\t\t\t\t<\/div>\n\t\t\t\t<\/div>\n\t\t\t\t\t<\/div>\n\t\t<\/div>\n\t\t\t\t<div class=\"elementor-column elementor-col-25 elementor-inner-column elementor-element elementor-element-38be005\" data-id=\"38be005\" data-element_type=\"column\" data-e-type=\"column\">\n\t\t\t<div class=\"elementor-widget-wrap\">\n\t\t\t\t\t\t\t<\/div>\n\t\t<\/div>\n\t\t\t\t<div class=\"elementor-column elementor-col-25 elementor-inner-column elementor-element elementor-element-13a8161\" data-id=\"13a8161\" data-element_type=\"column\" data-e-type=\"column\">\n\t\t\t<div class=\"elementor-widget-wrap elementor-element-populated\">\n\t\t\t\t\t\t<div class=\"elementor-element elementor-element-7b99eaa elementor-widget elementor-widget-image\" data-id=\"7b99eaa\" data-element_type=\"widget\" data-e-type=\"widget\" data-widget_type=\"image.default\">\n\t\t\t\t<div class=\"elementor-widget-container\">\n\t\t\t\t\t\t\t\t\t\t\t\t\t\t\t\t<a href=\"http:\/\/www.sicd.com.hk\/index.html\">\n\t\t\t\t\t\t\t<img decoding=\"async\" src=\"https:\/\/artstatements.com\/wp-content\/uploads\/elementor\/thumbs\/SICD.2-p2nb33ve5zehh1ynxkrq5ae1r3k6bwymszaq81i12m.png\" title=\"SICD.2\" alt=\"SICD.2\" loading=\"lazy\" \/>\t\t\t\t\t\t\t\t<\/a>\n\t\t\t\t\t\t\t\t\t\t\t\t\t\t\t<\/div>\n\t\t\t\t<\/div>\n\t\t\t\t\t<\/div>\n\t\t<\/div>\n\t\t\t\t<div class=\"elementor-column elementor-col-25 elementor-inner-column elementor-element elementor-element-5ab2606\" data-id=\"5ab2606\" data-element_type=\"column\" data-e-type=\"column\">\n\t\t\t<div class=\"elementor-widget-wrap elementor-element-populated\">\n\t\t\t\t\t\t<div class=\"elementor-element elementor-element-34f9062 e-grid-align-left elementor-shape-rounded elementor-grid-0 elementor-widget elementor-widget-social-icons\" data-id=\"34f9062\" data-element_type=\"widget\" data-e-type=\"widget\" data-widget_type=\"social-icons.default\">\n\t\t\t\t<div class=\"elementor-widget-container\">\n\t\t\t\t\t\t\t<div class=\"elementor-social-icons-wrapper elementor-grid\" role=\"list\">\n\t\t\t\t\t\t\t<span class=\"elementor-grid-item\" role=\"listitem\">\n\t\t\t\t\t<a class=\"elementor-icon elementor-social-icon elementor-social-icon-facebook elementor-repeater-item-d447f84\" href=\"https:\/\/www.facebook.com\/art.statements.7\" target=\"_blank\">\n\t\t\t\t\t\t<span class=\"elementor-screen-only\">Facebook<\/span>\n\t\t\t\t\t\t<i aria-hidden=\"true\" class=\"fab fa-facebook\"><\/i>\t\t\t\t\t<\/a>\n\t\t\t\t<\/span>\n\t\t\t\t\t\t\t<span class=\"elementor-grid-item\" role=\"listitem\">\n\t\t\t\t\t<a class=\"elementor-icon elementor-social-icon elementor-social-icon-twitter elementor-repeater-item-1709300\" href=\"https:\/\/twitter.com\/@ARTSTATEMENTS\" target=\"_blank\">\n\t\t\t\t\t\t<span class=\"elementor-screen-only\">Twitter<\/span>\n\t\t\t\t\t\t<i aria-hidden=\"true\" class=\"fab fa-twitter\"><\/i>\t\t\t\t\t<\/a>\n\t\t\t\t<\/span>\n\t\t\t\t\t<\/div>\n\t\t\t\t\t\t<\/div>\n\t\t\t\t<\/div>\n\t\t\t\t\t<\/div>\n\t\t<\/div>\n\t\t\t\t\t<\/div>\n\t\t<\/section>\n\t\t\t\t\t<\/div>\n\t\t<\/div>\n\t\t\t\t\t<\/div>\n\t\t<\/section>\n\t\t\t\t<\/div>\n\t\t","protected":false},"excerpt":{"rendered":"<p>ARTISTS EXHIBITIONS ART DEALING CONTACT X SELECTED SOLO AND GROUP EXHIBITIONS 2013 Galerie Martine Ehmer, Lille, France, Galerie Rabouan-Moussion, Paris, France, Galerie Helenbeck, Nice, France, Galerie Le Feuvre, Paris, France, Galerie Martine Ehmer, Bruxelles, Belgium, Galerie H\u00e9l\u00e8ne Bailly, Paris, France, Galerie David Pluskwa, Marseille, France, Galerie du jour agn\u00e8s b., Paris, France, Galerie Boccara, Moscou, [&hellip;]<\/p>\n","protected":false},"author":1,"featured_media":0,"parent":0,"menu_order":0,"comment_status":"closed","ping_status":"closed","template":"","meta":{"footnotes":""},"class_list":["post-1901","page","type-page","status-publish","hentry"],"_links":{"self":[{"href":"https:\/\/artstatements.com\/index.php\/wp-json\/wp\/v2\/pages\/1901","targetHints":{"allow":["GET"]}}],"collection":[{"href":"https:\/\/artstatements.com\/index.php\/wp-json\/wp\/v2\/pages"}],"about":[{"href":"https:\/\/artstatements.com\/index.php\/wp-json\/wp\/v2\/types\/page"}],"author":[{"embeddable":true,"href":"https:\/\/artstatements.com\/index.php\/wp-json\/wp\/v2\/users\/1"}],"replies":[{"embeddable":true,"href":"https:\/\/artstatements.com\/index.php\/wp-json\/wp\/v2\/comments?post=1901"}],"version-history":[{"count":20,"href":"https:\/\/artstatements.com\/index.php\/wp-json\/wp\/v2\/pages\/1901\/revisions"}],"predecessor-version":[{"id":5090,"href":"https:\/\/artstatements.com\/index.php\/wp-json\/wp\/v2\/pages\/1901\/revisions\/5090"}],"wp:attachment":[{"href":"https:\/\/artstatements.com\/index.php\/wp-json\/wp\/v2\/media?parent=1901"}],"curies":[{"name":"wp","href":"https:\/\/api.w.org\/{rel}","templated":true}]}}