{"id":2057,"date":"2021-02-01T05:37:34","date_gmt":"2021-02-01T05:37:34","guid":{"rendered":"http:\/\/artstatements.com\/?page_id=2057"},"modified":"2021-03-23T08:39:43","modified_gmt":"2021-03-23T08:39:43","slug":"artists-lievre-exhibition","status":"publish","type":"page","link":"https:\/\/artstatements.com\/index.php\/artists-lievre-exhibition\/","title":{"rendered":"Artists Lievre exhibition"},"content":{"rendered":"\t\t<div data-elementor-type=\"wp-page\" data-elementor-id=\"2057\" class=\"elementor elementor-2057\">\n\t\t\t\t\t\t<section class=\"elementor-section elementor-top-section elementor-element elementor-element-d7166cb elementor-section-boxed elementor-section-height-default elementor-section-height-default\" data-id=\"d7166cb\" data-element_type=\"section\" data-e-type=\"section\">\n\t\t\t\t\t\t<div class=\"elementor-container elementor-column-gap-no\">\n\t\t\t\t\t<div class=\"elementor-column elementor-col-100 elementor-top-column elementor-element elementor-element-2099a5f\" data-id=\"2099a5f\" data-element_type=\"column\" data-e-type=\"column\">\n\t\t\t<div class=\"elementor-widget-wrap elementor-element-populated\">\n\t\t\t\t\t\t<section class=\"elementor-section elementor-inner-section elementor-element elementor-element-0c9ff1f elementor-section-boxed elementor-section-height-default elementor-section-height-default\" data-id=\"0c9ff1f\" data-element_type=\"section\" data-e-type=\"section\">\n\t\t\t\t\t\t<div class=\"elementor-container elementor-column-gap-default\">\n\t\t\t\t\t<div class=\"elementor-column elementor-col-33 elementor-inner-column elementor-element elementor-element-15b8b67\" data-id=\"15b8b67\" data-element_type=\"column\" data-e-type=\"column\">\n\t\t\t<div class=\"elementor-widget-wrap elementor-element-populated\">\n\t\t\t\t\t\t<div class=\"elementor-element elementor-element-00d46e3 elementor-widget elementor-widget-image\" data-id=\"00d46e3\" data-element_type=\"widget\" data-e-type=\"widget\" data-widget_type=\"image.default\">\n\t\t\t\t<div class=\"elementor-widget-container\">\n\t\t\t\t\t\t\t\t\t\t\t\t\t\t\t<img decoding=\"async\" width=\"200\" height=\"145\" src=\"https:\/\/artstatements.com\/wp-content\/uploads\/2021\/01\/AS_newlogo_200px.png\" class=\"attachment-full size-full wp-image-1352\" alt=\"Art Statements logo\" \/>\t\t\t\t\t\t\t\t\t\t\t\t\t\t\t<\/div>\n\t\t\t\t<\/div>\n\t\t\t\t\t<\/div>\n\t\t<\/div>\n\t\t\t\t<div class=\"elementor-column elementor-col-33 elementor-inner-column elementor-element elementor-element-fa6033d\" data-id=\"fa6033d\" data-element_type=\"column\" data-e-type=\"column\">\n\t\t\t<div class=\"elementor-widget-wrap\">\n\t\t\t\t\t\t\t<\/div>\n\t\t<\/div>\n\t\t\t\t<div class=\"elementor-column elementor-col-33 elementor-inner-column elementor-element elementor-element-a94100a\" data-id=\"a94100a\" data-element_type=\"column\" data-e-type=\"column\">\n\t\t\t<div class=\"elementor-widget-wrap elementor-element-populated\">\n\t\t\t\t\t\t<div class=\"elementor-element elementor-element-de3d4b1 elementor-widget elementor-widget-ekit-nav-menu\" data-id=\"de3d4b1\" data-element_type=\"widget\" data-e-type=\"widget\" data-widget_type=\"ekit-nav-menu.default\">\n\t\t\t\t<div class=\"elementor-widget-container\">\n\t\t\t\t\t\t\t<nav class=\"ekit-wid-con ekit_menu_responsive_tablet\"\n\t\t\tdata-hamburger-icon=\"\"\n\t\t\tdata-hamburger-icon-type=\"icon\"\n\t\t\tdata-responsive-breakpoint=\"1024\">\n\t\t\t            <button class=\"elementskit-menu-hamburger elementskit-menu-toggler\"  type=\"button\" aria-label=\"hamburger-icon\">\n                                    <span class=\"elementskit-menu-hamburger-icon\"><\/span><span class=\"elementskit-menu-hamburger-icon\"><\/span><span class=\"elementskit-menu-hamburger-icon\"><\/span>\n                            <\/button>\n            <div id=\"ekit-megamenu-main-menu\" class=\"elementskit-menu-container elementskit-menu-offcanvas-elements elementskit-navbar-nav-default ekit-nav-menu-one-page-no ekit-nav-dropdown-hover\"><ul id=\"menu-main-menu\" class=\"elementskit-navbar-nav elementskit-menu-po-left submenu-click-on-icon\"><li id=\"menu-item-75\" class=\"menu-item menu-item-type-post_type menu-item-object-page menu-item-75 nav-item elementskit-mobile-builder-content\" data-vertical-menu=750px><a href=\"https:\/\/artstatements.com\/index.php\/artists\/\" class=\"ekit-menu-nav-link\">ARTISTS<\/a><\/li>\n<li id=\"menu-item-74\" class=\"menu-item menu-item-type-post_type menu-item-object-page menu-item-74 nav-item elementskit-mobile-builder-content\" data-vertical-menu=750px><a href=\"https:\/\/artstatements.com\/index.php\/exhibitions\/\" class=\"ekit-menu-nav-link\">EXHIBITIONS<\/a><\/li>\n<li id=\"menu-item-73\" class=\"menu-item menu-item-type-post_type menu-item-object-page menu-item-73 nav-item elementskit-mobile-builder-content\" data-vertical-menu=750px><a href=\"https:\/\/artstatements.com\/index.php\/art-advisory\/\" class=\"ekit-menu-nav-link\">ART ADVISORY<\/a><\/li>\n<li id=\"menu-item-72\" class=\"menu-item menu-item-type-post_type menu-item-object-page menu-item-72 nav-item elementskit-mobile-builder-content\" data-vertical-menu=750px><a href=\"https:\/\/artstatements.com\/index.php\/contacts\/\" class=\"ekit-menu-nav-link\">CONTACT<\/a><\/li>\n<\/ul><div class=\"elementskit-nav-identity-panel\"><button class=\"elementskit-menu-close elementskit-menu-toggler\" type=\"button\">X<\/button><\/div><\/div>\n\t\t\t<div class=\"elementskit-menu-overlay elementskit-menu-offcanvas-elements elementskit-menu-toggler ekit-nav-menu--overlay\"><\/div>        <\/nav>\n\t\t\t\t\t\t<\/div>\n\t\t\t\t<\/div>\n\t\t\t\t\t<\/div>\n\t\t<\/div>\n\t\t\t\t\t<\/div>\n\t\t<\/section>\n\t\t\t\t\t<\/div>\n\t\t<\/div>\n\t\t\t\t\t<\/div>\n\t\t<\/section>\n\t\t\t\t<section class=\"elementor-section elementor-top-section elementor-element elementor-element-cb3e10f elementor-section-boxed elementor-section-height-default elementor-section-height-default\" data-id=\"cb3e10f\" data-element_type=\"section\" data-e-type=\"section\">\n\t\t\t\t\t\t<div class=\"elementor-container elementor-column-gap-default\">\n\t\t\t\t\t<div class=\"elementor-column elementor-col-100 elementor-top-column elementor-element elementor-element-53d2675\" data-id=\"53d2675\" data-element_type=\"column\" data-e-type=\"column\">\n\t\t\t<div class=\"elementor-widget-wrap elementor-element-populated\">\n\t\t\t\t\t\t<section class=\"elementor-section elementor-inner-section elementor-element elementor-element-fe1e127 elementor-section-boxed elementor-section-height-default elementor-section-height-default\" data-id=\"fe1e127\" data-element_type=\"section\" data-e-type=\"section\">\n\t\t\t\t\t\t<div class=\"elementor-container elementor-column-gap-default\">\n\t\t\t\t\t<div class=\"elementor-column elementor-col-25 elementor-inner-column elementor-element elementor-element-99de9b0\" data-id=\"99de9b0\" data-element_type=\"column\" data-e-type=\"column\">\n\t\t\t<div class=\"elementor-widget-wrap elementor-element-populated\">\n\t\t\t\t\t\t<div class=\"elementor-element elementor-element-ed617b4 elementor-widget elementor-widget-wp-widget-custom_html\" data-id=\"ed617b4\" data-element_type=\"widget\" data-e-type=\"widget\" data-widget_type=\"wp-widget-custom_html.default\">\n\t\t\t\t<div class=\"elementor-widget-container\">\n\t\t\t\t\t<div class=\"textwidget custom-html-widget\"><font color=\"black\" face=\"rye, sans-serif\" size=\"2\"> \r\n<a href=\"artists-lievre-bio\"> PASCAL LI\u00c8VRE<P><BR>\r\n\r\n<a href=\"artists-lievre\"> SELECTED ARTWORKS<BR><BR><\/a>\r\n<a href=\"artists-lievre-bio\"> BIOGRAPHY <BR><BR><\/a>\r\n <a href=\"artists-lievre-exhib\"> SELECTED SOLO AND GROUP EXHIBITIONS <BR><BR><\/a>\r\n  <a href=\"artists-lievre-collect\"> PUBLIC AND PRIVATE COLLECTIONS <BR><\/a>\r\n \r\n  <\/font><\/div>\t\t\t\t<\/div>\n\t\t\t\t<\/div>\n\t\t\t\t\t<\/div>\n\t\t<\/div>\n\t\t\t\t<div class=\"elementor-column elementor-col-25 elementor-inner-column elementor-element elementor-element-3844eb8\" data-id=\"3844eb8\" data-element_type=\"column\" data-e-type=\"column\">\n\t\t\t<div class=\"elementor-widget-wrap\">\n\t\t\t\t\t\t\t<\/div>\n\t\t<\/div>\n\t\t\t\t<div class=\"elementor-column elementor-col-25 elementor-inner-column elementor-element elementor-element-a7b0098\" data-id=\"a7b0098\" data-element_type=\"column\" data-e-type=\"column\">\n\t\t\t<div class=\"elementor-widget-wrap elementor-element-populated\">\n\t\t\t\t\t\t<div class=\"elementor-element elementor-element-5ce365f elementor-widget elementor-widget-text-editor\" data-id=\"5ce365f\" data-element_type=\"widget\" data-e-type=\"widget\" data-widget_type=\"text-editor.default\">\n\t\t\t\t<div class=\"elementor-widget-container\">\n\t\t\t\t\t\t\t\t\t<h6>SELECTED SOLO AND GROUP EXHIBITIONS<\/h6><h6><br \/>2010<\/h6><p>Body Mix, Place Forte, Paris, France. What&#8217;s in your Head, GASP Gallery, Boston, USA. Respublica, Moscow Museum of Modern Art, Russia. Bad Romance, Galerie Quang, Paris, France. Le Banquet de Blanche Neige, Centre Georges Pompidou, Paris, France. In The Loop, Comtemporary Art Video from the EU. National Portrait Gallery, Washington DC, USA<\/p><h6><br \/>2009<\/h6><p>Illusions, Art Statements, Hong Kong. Ingres et les Modernes, Musee Ingres, Montauban, France. Now What, Insa Art Space, Seoul, Korea. La Force de l&#8217;Art, Grand Palais, Paris, France.<\/p><h6><br \/>2008<\/h6><p>Hallucination, Flatland Gallery, Utrecht, Holland. Le Fil du clavair, Galerie Quang, Paris, France. Group Show, Art Statements, Hong Kong.<\/p><h6><br \/>2007<\/h6><p>Intrasection, Espace 315, Paris, France. Etape 1, Galerie Quang, Paris, France.<\/p><h6><br \/>2006<\/h6><p>Popstars, Art Statements Gallery, Hong Kong Popstars, Festival Walk, Hong Kong Popstars, Art Statements Gallery, Hong Kong. Popstars, Festival Walk, Hong Kong. Open, Galerie a Vendre, Nice, France. Oracles et Magie, Galerie Quang, Paris, France.<\/p><h6><br \/>2005<\/h6><p>Paintings Art Rotterdam, Rotterdam, The Netherlands \u201cWomen Portraits\u201d, Art Statements Gallery, Hong Kong D\u00e9j\u00e0 vu, Preview Art Fair, Berlin, Berlin, Germany H20, Galerie Quang Paris, France Video Festival Nouveau Cin\u00e9ma montr\u00e9al, Canada La Galerie du Haut Pave, Paris, France Milano Film Festival. Schermi dal Mondo VIDEOFORMES with Savoir aimer, Milan, Italy L\u2019axe du mal au centre d\u2019arts plastiques et visuels de Lille, France Prog : ME 1st Festival of Electronic Media, Rio de Janeiro, Brazil Nuits des mus\u00e9es Mus\u00e9e des Beaux-Arts de Reims FRAC Champagne Ardennes, France Nuit Blanche Paris, Lavoir moderne parisien. Paris, France Invideo, Savoir Aimer in comp\u00e9tition. Milano, Italy XVIII\u00e8me Rencontres intl. de la cr\u00e9ation vid\u00e9o et de la po\u00e9sie \u00e9lectronique, Marseille, France Mots d\u2019ordre mots de passe \u00e0 l\u2019espace Paul Ricard, France<\/p><h6><br \/>2004<\/h6><p>\u201cOops, I did it again\u201d, Flatland Gallery, Utrecht, The Netherlands FIAC, Paris, France \u201cFace Off\u201d, Lyndsay Skeegan Gallery, New York, USA ARTISSIMA, Turin, Italy \u00ab Mauvais Genre \u00bb, Gallery Quang, Paris, France \u00ab Ombres Chinoises \u2013 Chinese Shadows \u00bb, Art Statements Gallery, Hong Kong Video Populaire \u2013 Art Center Le PArvis, Pau, France 33rd International Film Festival Rotterdam, The Netherlands Borderline Transvid\u00e9os, le Twins, Paris, France Cosmology of an image # 8 with vid\u00e9oformes, Kobe, Japan Video.game.04 festival of Mexico, Mexico Mkode Wideo Francuskie with videoformes, Poland Ecole sup\u00e9rieure d&#8217;art de Mulhouse, Mulhouse, France Festival N\u00e9mo, Toulouse, France Rhizome, Torcy, France Vid\u00e9oformes XIX, Clermont-ferrand, France S1 I\u2019d rather Jack, Londres, UK Festival Gay et Lesbien, Bordeaux, France Chapoulicin\u00e9ma (FRAC Champagne-Ardennes), Reims, France<\/p><h6><br \/>2003<\/h6><p>Galerie Christine Phal, Paris, France Galerie Alma, Montpellier, France Le triage Lignes Singuli\u00e8res \u2013Art Paris, Centre d\u2019art contemporain, Paris, France Galerie Roger Castang, Perpignan, France Video &#8220;Le mus\u00e9e revisit\u00e9&#8221; Mus\u00e9e Antoine L\u00e9cuyer St Quentin, France Festival N\u00e9mo, Toulouse, France Rencontres internationales Paris Berlin, Paris, France Le Cube, Issy les moulineaux, France Cin\u00e9math\u00e8que de Montr\u00e9al Next, Montr\u00e9al, Canada Le festival francophone de Vienne Next, Vienna, Austria Ipso Facto, Nantes, France La nuit vid\u00e9o avec le forum itin\u00e9rant, Strasbourg, France F.R.A.C. Champagne Ardennes, Reims, France One month video Pascal Li\u00e8vre, D\u2019Konschtkescht, Luxembourg Pas vu, Pas pris, Paris, France Festival Retina, Hungary Museum of modern art, Rio de Janeiro, Brazil Octobre Rouge, D\u2019Konschtkescht, Luxembourg FCNM, Montreal, Canada Rencontres internationales Paris Berlin, Berlin, Germany Association Casa, Agen, France VideoLisboa Festival, Lisbon, Portugal CCCB, Barcelona, Spain Si on chantait, Paris, France Galeria do poste, Niter\u00f3i, Brazil<\/p><h6><br \/>2002<\/h6><p>Video Festival N\u00e9mo, Paris, France 48 heures Aperto, Montpellier, France Vid\u00e9oformes Clermont Ferrand, France Videokiosque 01 Le Parvis centre d\u2019art contemporain, Pau, France Galerie Window, Paris, France C.A.C. Espace Crois\u00e9, Roubaix, France Lieu Unique, Nantes, France Vid\u00e9ogrammes Vid\u00e9ochroniques, Marseille, France Galerie eof, Paris, France Espace d&#8217;art contemporain, Annecy, France F.R.A.C, Reims, France Festival R\u00e9sistance Vid\u00e9o, Auxerre, France Festival international Retina Sellye, Hungary Cit\u00e9 des Ondes, Montr\u00e9al, Canada Center Visual Culture Ogledalo, Kraljevo, Yugoslavia Transat Vid\u00e9o, Centre d\u2019art contemporain H\u00e9rouville St Clair, France Nuit blanche Aux Pompes Fun\u00e8bres, Paris Lieux dits, Paris, France M.A.M.A.C., Nice, France Festival Ovarvid\u00e9o, Portugal Musiques Volantes, Metz, France Espace crois\u00e9 centre d\u2019art contemporain, Roubaix, France Mostra Invid\u00e9o, Milano, Italie Backup Festival, Weimar, Germany Festival International de Manosque, France Galerie Quang, Paris, France 16\u00e8me Rencontres Vid\u00e9o art plastique, C.A.C. de Basse-Normandie,Caen, France Centre de Cultura Contempor\u00e0nia de Barcelona, CCCB, Barcelona, Spain<\/p><h6><br \/>2001<\/h6><p>Paintings Weisser Elefant Gallerie, Berlin, Germany Installation Cath\u00e9drale de la Tourette, France Galerie Christine Phal, Paris, France Galerie Roger Castang, Perpignan, France Video Mission An 2000 pr\u00e9sentation sur www.inconnu.net (Site of fabrice Hybert) Vid\u00e9ochroniques, Marseille, France Cin\u00e9math\u00e8que, Saint-Etienne, France Festival Estavar-Llivia, France-Spain Mus\u00e9e d\u2019Art Contemporain de Marseille, Marseille, France 58 films cash &#8211; Galerie Apocope Hybridations, Marseille, France Festival du cin\u00e9ma diff\u00e9rent, Paris, France<\/p><h6><br \/>2000<\/h6><p>Paintings Ombres, Galerie Kanas\u2019h, Bruxelles, Belgium Parcours Marais installation d&#8217;une vitrine d&#8217;ombres chez Agora, Paris, France<\/p>\t\t\t\t\t\t\t\t<\/div>\n\t\t\t\t<\/div>\n\t\t\t\t\t<\/div>\n\t\t<\/div>\n\t\t\t\t<div class=\"elementor-column elementor-col-25 elementor-inner-column elementor-element elementor-element-d6ef185\" data-id=\"d6ef185\" data-element_type=\"column\" data-e-type=\"column\">\n\t\t\t<div class=\"elementor-widget-wrap\">\n\t\t\t\t\t\t\t<\/div>\n\t\t<\/div>\n\t\t\t\t\t<\/div>\n\t\t<\/section>\n\t\t\t\t\t<\/div>\n\t\t<\/div>\n\t\t\t\t\t<\/div>\n\t\t<\/section>\n\t\t\t\t<section class=\"elementor-section elementor-top-section elementor-element elementor-element-d5d2a51 elementor-section-boxed elementor-section-height-default elementor-section-height-default\" data-id=\"d5d2a51\" data-element_type=\"section\" data-e-type=\"section\">\n\t\t\t\t\t\t<div class=\"elementor-container elementor-column-gap-default\">\n\t\t\t\t\t<div class=\"elementor-column elementor-col-100 elementor-top-column elementor-element elementor-element-9d4412a\" data-id=\"9d4412a\" data-element_type=\"column\" data-e-type=\"column\">\n\t\t\t<div class=\"elementor-widget-wrap elementor-element-populated\">\n\t\t\t\t\t\t<section class=\"elementor-section elementor-inner-section elementor-element elementor-element-4ffb360 elementor-section-boxed elementor-section-height-default elementor-section-height-default\" data-id=\"4ffb360\" data-element_type=\"section\" data-e-type=\"section\">\n\t\t\t\t\t\t<div class=\"elementor-container elementor-column-gap-default\">\n\t\t\t\t\t<div class=\"elementor-column elementor-col-25 elementor-inner-column elementor-element elementor-element-36270bc\" data-id=\"36270bc\" data-element_type=\"column\" data-e-type=\"column\">\n\t\t\t<div class=\"elementor-widget-wrap elementor-element-populated\">\n\t\t\t\t\t\t<div class=\"elementor-element elementor-element-27f70ab elementor-widget elementor-widget-text-editor\" data-id=\"27f70ab\" data-element_type=\"widget\" data-e-type=\"widget\" data-widget_type=\"text-editor.default\">\n\t\t\t\t<div class=\"elementor-widget-container\">\n\t\t\t\t\t\t\t\t\t<p>Copyright@\u00a0Art Statements Ltd. All rights reserved.<br \/>Images of art on this website may not be reproduced without prior permission of Art Statements Ltd. and the artists<\/p>\t\t\t\t\t\t\t\t<\/div>\n\t\t\t\t<\/div>\n\t\t\t\t\t<\/div>\n\t\t<\/div>\n\t\t\t\t<div class=\"elementor-column elementor-col-25 elementor-inner-column elementor-element elementor-element-38be005\" data-id=\"38be005\" data-element_type=\"column\" data-e-type=\"column\">\n\t\t\t<div class=\"elementor-widget-wrap\">\n\t\t\t\t\t\t\t<\/div>\n\t\t<\/div>\n\t\t\t\t<div class=\"elementor-column elementor-col-25 elementor-inner-column elementor-element elementor-element-13a8161\" data-id=\"13a8161\" data-element_type=\"column\" data-e-type=\"column\">\n\t\t\t<div class=\"elementor-widget-wrap elementor-element-populated\">\n\t\t\t\t\t\t<div class=\"elementor-element elementor-element-7b99eaa elementor-widget elementor-widget-image\" data-id=\"7b99eaa\" data-element_type=\"widget\" data-e-type=\"widget\" data-widget_type=\"image.default\">\n\t\t\t\t<div class=\"elementor-widget-container\">\n\t\t\t\t\t\t\t\t\t\t\t\t\t\t\t\t<a href=\"http:\/\/www.sicd.com.hk\/index.html\">\n\t\t\t\t\t\t\t<img decoding=\"async\" src=\"https:\/\/artstatements.com\/wp-content\/uploads\/elementor\/thumbs\/SICD.2-p2nb33ve5zehh1ynxkrq5ae1r3k6bwymszaq81i12m.png\" title=\"SICD.2\" alt=\"SICD.2\" loading=\"lazy\" \/>\t\t\t\t\t\t\t\t<\/a>\n\t\t\t\t\t\t\t\t\t\t\t\t\t\t\t<\/div>\n\t\t\t\t<\/div>\n\t\t\t\t\t<\/div>\n\t\t<\/div>\n\t\t\t\t<div class=\"elementor-column elementor-col-25 elementor-inner-column elementor-element elementor-element-5ab2606\" data-id=\"5ab2606\" data-element_type=\"column\" data-e-type=\"column\">\n\t\t\t<div class=\"elementor-widget-wrap elementor-element-populated\">\n\t\t\t\t\t\t<div class=\"elementor-element elementor-element-34f9062 e-grid-align-left elementor-shape-rounded elementor-grid-0 elementor-widget elementor-widget-social-icons\" data-id=\"34f9062\" data-element_type=\"widget\" data-e-type=\"widget\" data-widget_type=\"social-icons.default\">\n\t\t\t\t<div class=\"elementor-widget-container\">\n\t\t\t\t\t\t\t<div class=\"elementor-social-icons-wrapper elementor-grid\" role=\"list\">\n\t\t\t\t\t\t\t<span class=\"elementor-grid-item\" role=\"listitem\">\n\t\t\t\t\t<a class=\"elementor-icon elementor-social-icon elementor-social-icon-facebook elementor-repeater-item-d447f84\" href=\"https:\/\/www.facebook.com\/art.statements.7\" target=\"_blank\">\n\t\t\t\t\t\t<span class=\"elementor-screen-only\">Facebook<\/span>\n\t\t\t\t\t\t<i aria-hidden=\"true\" class=\"fab fa-facebook\"><\/i>\t\t\t\t\t<\/a>\n\t\t\t\t<\/span>\n\t\t\t\t\t\t\t<span class=\"elementor-grid-item\" role=\"listitem\">\n\t\t\t\t\t<a class=\"elementor-icon elementor-social-icon elementor-social-icon-twitter elementor-repeater-item-1709300\" href=\"https:\/\/twitter.com\/@ARTSTATEMENTS\" target=\"_blank\">\n\t\t\t\t\t\t<span class=\"elementor-screen-only\">Twitter<\/span>\n\t\t\t\t\t\t<i aria-hidden=\"true\" class=\"fab fa-twitter\"><\/i>\t\t\t\t\t<\/a>\n\t\t\t\t<\/span>\n\t\t\t\t\t<\/div>\n\t\t\t\t\t\t<\/div>\n\t\t\t\t<\/div>\n\t\t\t\t\t<\/div>\n\t\t<\/div>\n\t\t\t\t\t<\/div>\n\t\t<\/section>\n\t\t\t\t\t<\/div>\n\t\t<\/div>\n\t\t\t\t\t<\/div>\n\t\t<\/section>\n\t\t\t\t<\/div>\n\t\t","protected":false},"excerpt":{"rendered":"<p>ARTISTS EXHIBITIONS ART DEALING CONTACT X SELECTED SOLO AND GROUP EXHIBITIONS 2010 Body Mix, Place Forte, Paris, France. What&#8217;s in your Head, GASP Gallery, Boston, USA. Respublica, Moscow Museum of Modern Art, Russia. Bad Romance, Galerie Quang, Paris, France. Le Banquet de Blanche Neige, Centre Georges Pompidou, Paris, France. In The Loop, Comtemporary Art Video [&hellip;]<\/p>\n","protected":false},"author":1,"featured_media":0,"parent":0,"menu_order":0,"comment_status":"closed","ping_status":"closed","template":"","meta":{"footnotes":""},"class_list":["post-2057","page","type-page","status-publish","hentry"],"_links":{"self":[{"href":"https:\/\/artstatements.com\/index.php\/wp-json\/wp\/v2\/pages\/2057","targetHints":{"allow":["GET"]}}],"collection":[{"href":"https:\/\/artstatements.com\/index.php\/wp-json\/wp\/v2\/pages"}],"about":[{"href":"https:\/\/artstatements.com\/index.php\/wp-json\/wp\/v2\/types\/page"}],"author":[{"embeddable":true,"href":"https:\/\/artstatements.com\/index.php\/wp-json\/wp\/v2\/users\/1"}],"replies":[{"embeddable":true,"href":"https:\/\/artstatements.com\/index.php\/wp-json\/wp\/v2\/comments?post=2057"}],"version-history":[{"count":25,"href":"https:\/\/artstatements.com\/index.php\/wp-json\/wp\/v2\/pages\/2057\/revisions"}],"predecessor-version":[{"id":5156,"href":"https:\/\/artstatements.com\/index.php\/wp-json\/wp\/v2\/pages\/2057\/revisions\/5156"}],"wp:attachment":[{"href":"https:\/\/artstatements.com\/index.php\/wp-json\/wp\/v2\/media?parent=2057"}],"curies":[{"name":"wp","href":"https:\/\/api.w.org\/{rel}","templated":true}]}}